. What is the remainder when 74 is divided by h(-3)?
8
Suppose 2*r + 3525 = 7*r. Suppose -7*q - r = -12*q. Calculate the remainder when q is divided by 36.
33
Suppose 2*i + 2*i - 52 = 0. Suppose -4*q = -3*q - 3. Calculate the remainder when (0 - -1 - q) + 39 is divided by i.
11
Let f = 2098 + -1983. What is the remainder when f is divided by 50?
15
Suppose 4*n - 12 = 4. Suppose 0 = -j - 1 + n. Calculate the remainder when 17 is divided by j.
2
Suppose 0 = 3*d + 3 + 6. Calculate the remainder when -26*9*(-11)/22 is divided by (d + 4)/((-1)/(-30)).
27
Suppose 2*o = -2*o - 232. Let w = -32 - o. Calculate the remainder when w is divided by 15.
11
Suppose 4*m + 0*p = 3*p + 62, 5*m + p - 87 = 0. Calculate the remainder when 80 is divided by m.
12
Suppose -u - 105 = -5*n + 4*u, 2*n - 56 = -5*u. Suppose -5*i + 41 - 11 = 0. What is the remainder when n is divided by i?
5
Let f(w) = -13*w - 152. What is the remainder when 288 is divided by f(-19)?
3
Let j(u) = 2*u. Let r be j(2). Suppose 2*p - 55 = -k, 2*p + 0*p - 220 = -r*k. Calculate the remainder when k is divided by 12.
7
Let m(a) = -34*a + 254. What is the remainder when 41 is divided by m(7)?
9
Let c = -10 - -15. Suppose -4*s - c*y + 45 = 0, 0 = 2*s - 7*s - 2*y + 35. Suppose 20 - s = 5*w. Calculate the remainder when 9 is divided by w.
0
Suppose -12*y + 44 = -8*y. Suppose -l + 20 = 3*l. Calculate the remainder when -5*l/((-15)/12) is divided by y.
9
Suppose -4*h + 2*h = -10. Let j(s) = -2*s - h*s + 3 - 8*s**2 - 8*s + s**3 + 0*s. What is the remainder when j(10) is divided by 18?
17
Suppose -13*p = -9*p - 16. Suppose -i + 5*i + 15 = r, -6 = 2*r + p*i. What is the remainder when r is divided by (-24)/(-9) + (-2)/(-6)?
0
Suppose 5*t - 22 + 2 = 0. Let z = t - 2. Suppose 4*o - 8 = -z*u + 2, -o - 3*u = 5. Calculate the remainder when 18 is divided by o.
2
Suppose 8*h + 13*h = 756. Let j(o) = o**2 - 6*o - 8. Let q be j(7). What is the remainder when h is divided by (q - -20)/(2 + -1)?
17
Suppose 1242 = -14*h + 37*h. What is the remainder when 341 is divided by h?
17
Suppose 42*v - 336 = 1596. What is the remainder when 222 is divided by v?
38
Suppose 128 = 5*w - 6*b, -10*b - 16 = -w - 12*b. What is the remainder when 79 is divided by w?
13
Let m(r) = 6*r - 5. Let t(l) = 5*l - 4. Let q(p) = -4*m(p) + 3*t(p). What is the remainder when q(-15) is divided by 18?
17
Suppose j + 2*p = 5*j - 10, -2*j + 3 = p. Suppose -2*a = -5*t + 189, 0 = 3*t - j*t - 2*a - 33. What is the remainder when t is divided by 14?
11
Suppose 11 + 41 = 2*j. What is the remainder when 121 + (-6)/((-4)/4) is divided by j?
23
Suppose -2*j - 4 = -2*h + 12, -5*j = -4*h + 35. Suppose -81*m = -82*m - 4*i - 4, 2*i = -6. Calculate the remainder when m is divided by h.
3
Suppose 5*p = 3*j - 331, j = -21*p + 18*p + 101. Calculate the remainder when 204 is divided by j.
97
Suppose 0 = 5*i - 164 - 76. Suppose 0 = -5*r - 13 + i. What is the remainder when 18 is divided by r?
4
Let h = 7 + -5. Suppose d = h*p + 2 + 17, -4*p = 16. Suppose 0 = -2*s - 2*j + 6*j + 50, -5*s = -2*j - 149. Calculate the remainder when s is divided by d.
9
Let p(c) = c**3 + 3*c**2 - 126*c + 23. What is the remainder when 182 is divided by p(10)?
56
Suppose 0 = -5*w + 72 + 3. Suppose -w = 5*c + 4*f, 5 - 18 = -c - 4*f. Calculate the remainder when (-1)/(((-14)/(-24))/c) is divided by 3.
0
Suppose -7*b = -8*b + 3. Calculate the remainder when (b - -54)/(1 + 2) is divided by 5.
4
Suppose 3*f - 86 = -2*a - 7, a - 52 = -2*f. Calculate the remainder when 88 is divided by f.
13
Suppose 4*p - 4*a - 1400 = 0, 29*p - 25*p + 4*a - 1376 = 0. Calculate the remainder when p is divided by 19.
5
Suppose 0 = -z - 7*z - 7*z + 1500. Suppose 5*c = -5*n + 230, 3*c + 0*c - 5*n - 178 = 0. Calculate the remainder when z is divided by c.
49
Let j(s) = 10*s - 257. What is the remainder when 91 is divided by j(27)?
0
Let o(d) = 4*d**2 - 36*d + 44. Calculate the remainder when o(14) is divided by 25.
24
Let a(r) = -r**2 + 11*r - 2. Let o be (-4)/(-6) - 1 - 80/(-15). What is the remainder when 42 is divided by a(o)?
14
Let t = -836 - -950. Calculate the remainder when t is divided by 45.
24
Suppose 3*u = -2*k + 17, -4 = k - 8. Suppose -373 = -4*n - 5*z, n = -u*n + 2*z + 394. Calculate the remainder when n is divided by 25.
22
Suppose 2*j + 5*k = 6*k + 124, -5*k - 10 = 0. Calculate the remainder when 221 is divided by j.
38
Suppose 4*v + 8 = 0, 4*h - 4*v = 3*h + 29. Let i(z) = 58*z + 3. What is the remainder when i(1) is divided by h?
19
Let k(x) = -2*x + 24. Calculate the remainder when 130 is divided by k(-22).
62
Let y be (-6)/(-4)*(-186)/(-9). Let v be 0 - (y/(-1))/1. Calculate the remainder when v - 10 - (0 + 1) is divided by 7.
6
Let j = 72 - 41. Let q = -30 + j. Suppose -4*x + x + 4*l = -5, -5*x + 3*l = -12. Calculate the remainder when x is divided by q.
0
Let k(h) = -h**3 - 4*h**2 - 4*h + 4. Let d be -15*(-3 - (-16)/6). Suppose 4*t = v - 42, -3*v = -3*t + d - 167. What is the remainder when v is divided by k(-4)?
18
Suppose 5*k + p = -3*p + 384, p - 1 = 0. Let m = -48 + k. Calculate the remainder when 55 is divided by m.
27
Let k = -339 + 344. Let n = 8 - -4. Suppose k + n = o. What is the remainder when 50 is divided by o?
16
Let i = 456 - 444. Let l = 96 - 52. Calculate the remainder when l is divided by i.
8
Let f be (2 - -1) + 1 + -14. Let y = 12 + f. What is the remainder when 69 is divided by (-9)/(y + 5/(-2))?
15
Let m = -114 - -574. What is the remainder when m is divided by 21?
19
Suppose 7*j + 4 = 11*j, 242 = 5*g - 3*j. Let x(t) = 13*t + 1. Let i be x(-1). Let c(r) = -r**2 - 13*r + 6. Calculate the remainder when g is divided by c(i).
13
Let a = -473 - -878. Let y = a + -241. What is the remainder when y is divided by 42?
38
Suppose -5*j + 20 = 4*m, m + 3*j = 11 + 1. Suppose m = -2*i - 1 + 7. What is the remainder when 6 is divided by i?
0
Let s(g) = -g**3 + 6*g**2 + 2*g + 10. Let v be s(7). What is the remainder when (465/v - 1)*-5 is divided by 25?
23
Let t(h) = 3*h - 39. Let b(n) = -5*n + 59. Let g(u) = -5*b(u) - 8*t(u). Let i be ((-144)/27)/16 - 70/6. What is the remainder when 17 is divided by g(i)?
2
Suppose 0 - 140 = -4*q. Let f = -9 + q. Calculate the remainder when 102 is divided by f.
24
Suppose 3 + 3 = j - 10. Suppose -5*i = 20, -i - 41 = 5*w - 142. What is the remainder when w is divided by j?
5
Let p = 367 - 356. What is the remainder when 25 is divided by p?
3
Suppose 100*p = 56*p + 2376. Let j be 4/12 + 13/(-3). Calculate the remainder when p is divided by (66/8)/(-3)*j.
10
Let w = 25 + -19. What is the remainder when 82 is divided by (7 - w)/(2/56)?
26
Let z = 6 + -4. Suppose 47 = 3*l + 2*m, 0 = m + z - 3. Let o = 574 - 533. What is the remainder when o is divided by l?
11
Let p(o) = o**3 - 15*o**2 + 19*o - 12. Calculate the remainder when p(14) is divided by 11.
3
Let z(q) = 5*q**2 + 0*q**2 - 6*q**2 - 14*q + 5*q. Let b be z(-9). Suppose 0 = -5*u + 4*x + 30 + 20, -2*x = b. What is the remainder when 28 is divided by u?
8
Suppose -20*m + 121 = -1279. Calculate the remainder when 133 is divided by m.
63
Let u = 1 + -4. Let f be (0 - 3)*u/3. Calculate the remainder when 32 is divided by f - (-9)/((-27)/(-42)).
15
Suppose -4*m = -5*i + i - 108, 2*m - i - 54 = 0. Calculate the remainder when m is divided by 5.
2
Let t(o) = -o**3 - 2*o**2 + 4*o + 1. Let f = 2476 - 2397. What is the remainder when f is divided by t(-4)?
11
What is the remainder when (-1135 - 3)/(16/(-2) + 7) is divided by 7?
4
Let y(q) = 4*q**2 - 45*q + 21. What is the remainder when 195 is divided by y(11)?
5
Let d = 309 + -258. What is the remainder when d is divided by 18?
15
Let j = 1224 + -1208. Calculate the remainder when 95 is divided by j.
15
Suppose -u - 4*u = 0. What is the remainder when (-3)/(3/(-32) - u) is divided by 7?
4
Let b = 20 - 6. Suppose 2*o - b = -2*m, -m + 4*o - 2*o + 1 = 0. What is the remainder when 7 is divided by m?
2
Suppose -2*v - 3*a = 2*v + 48, 0 = -2*v + a - 24. Let z(b) = b**2 + 21*b + 130. Let w be z(-13). Let t = w + v. What is the remainder when t is divided by 4?
2
Suppose -25 = -5*u - 0*u, 5*z - 10 = 3*u. Suppose z*a - 2*o - 161 = 623, a = -3*o + 150. Calculate the remainder when a is divided by 40.
36
Let b(s) = 12*s - 4. Let p = -1 + 6. What is the remainder when b